1194?
False
Is 6047883 a multiple of 10?
False
Is 150068569 a multiple of 31?
False
Is 37877504 a multiple of 161?
True
Does 212 divide 4268257?
False
Does 22 divide 17581586?
True
Is 1108 a factor of 103384156?
True
Does 859 divide 35199243?
True
Does 130 divide 11377762?
False
Is 278321739 a multiple of 289?
True
Is 557 a factor of 115589024?
False
Is 147 a factor of 91659504?
False
Is 592 a factor of 11652336?
True
Is 27208531 a multiple of 29?
False
Is 254163711 a multiple of 140?
False
Is 30 a factor of 9998560?
False
Is 277696209 a multiple of 10?
False
Is 4 a factor of 2785876?
True
Is 7 a factor of 398912661?
True
Is 1243 a factor of 6697284?
True
Is 738364128 a multiple of 303?
False
Does 607 divide 33677574?
True
Is 29 a factor of 30747105?
True
Does 3 divide 1146576?
True
Is 63 a factor of 10380674?
False
Does 935 divide 451310588?
False
Is 17935634 a multiple of 50?
False
Is 34925625 a multiple of 66?
False
Is 42785285 a multiple of 86?
False
Is 619 a factor of 228289044?
False
Is 12302764 a multiple of 10?
False
Does 110 divide 257620?
True
Does 112 divide 1369424?
True
Is 18097121 a multiple of 175?
False
Does 102 divide 12496757?
False
Does 24 divide 46440059?
False
Is 2359116180 a multiple of 170?
True
Does 23 divide 115155664?
True
Is 3131 a factor of 1182041703?
False
Is 2120 a factor of 272877920?
True
Is 1482332354 a multiple of 12?
False
Is 893262993 a multiple of 21?
True
Does 39 divide 296243350?
False
Is 521 a factor of 34962601?
False
Is 11 a factor of 199725558?
False
Is 9746068 a multiple of 261?
False
Is 92 a factor of 34674171?
False
Is 6 a factor of 2431368?
True
Is 3 a factor of 47739627?
True
Is 16 a factor of 5183568?
True
Is 3 a factor of 2317705?
False
Is 38815029 a multiple of 153?
True
Does 23 divide 1047312387?
False
Is 2833290972 a multiple of 1597?
False
Is 756745345 a multiple of 11?
False
Is 142921484 a multiple of 441?
False
Is 1031 a factor of 286775743?
True
Is 442 a factor of 2252742284?
True
Does 27 divide 45448209?
True
Does 27 divide 27812539?
False
Does 3691 divide 91185866?
False
Is 335183375 a multiple of 87?
False
Is 17103184 a multiple of 1933?
True
Does 230 divide 56868880?
True
Is 2003759 a multiple of 60?
False
Is 2476 a factor of 1651408484?
False
Is 909198880 a multiple of 20?
True
Is 3202 a factor of 185585695?
False
Is 26 a factor of 285810278?
True
Does 15 divide 5204100492?
False
Is 313268524 a multiple of 118?
True
Does 120 divide 36187680?
True
Is 31049536 a multiple of 13?
False
Does 22 divide 35668820?
True
Does 233 divide 862666889?
True
Does 31 divide 15225030?
True
Does 333 divide 56078199?
True
Is 40 a factor of 504434408?
False
Does 4 divide 215616?
True
Is 46375453 a multiple of 2416?
False
Does 141 divide 123927579?
True
Does 1139 divide 58218846?
True
Is 99 a factor of 5919111?
True
Is 2201929166 a multiple of 52?
False
Is 21345129 a multiple of 9?
True
Is 2310 a factor of 587658050?
False
Is 67080481 a multiple of 193?
False
Is 431194829 a multiple of 16?
False
Does 363 divide 26294994?
True
Is 69032625 a multiple of 281?
False
Does 9 divide 23279541?
False
Is 8 a factor of 39333142?
False
Does 7 divide 252131747?
True
Does 30 divide 96125735?
False
Is 26 a factor of 5060501879?
False
Does 29 divide 27955028?
False
Does 2032 divide 2170007344?
True
Is 261131360 a multiple of 14?
True
Is 5872 a factor of 392038208?
True
Is 46966328 a multiple of 76?
True
Does 499 divide 1081695274?
True
Is 362328784 a multiple of 4504?
True
Is 80856204 a multiple of 18?
False
Is 43576846 a multiple of 734?
True
Does 2743 divide 1080831786?
False
Is 18101559 a multiple of 1552?
False
Is 940621030 a multiple of 7?
False
Is 631 a factor of 11485462?
True
Does 66 divide 244255914?
False
Does 2218 divide 660080505?
False
Is 307 a factor of 307606939?
True
Is 5 a factor of 6893975?
True
Does 122 divide 361405358?
True
Is 2858808914 a multiple of 503?
False
Is 100341824 a multiple of 44?
True
Does 404 divide 701274916?
True
Is 1719873388 a multiple of 76?
True
Is 12746624 a multiple of 44?
True
Is 23447750 a multiple of 71?
True
Is 243772320 a multiple of 1374?
False
Does 10615 divide 7039844513?
False
Does 1624 divide 15340732?
False
Is 376 a factor of 2379704?
True
Does 77 divide 212078405?
True
Does 12 divide 4566875846?
False
Is 49 a factor of 42884359?
True
Is 24 a factor of 117741384?
True
Does 17 divide 2189617?
True
Is 64 a factor of 296487680?
True
Is 516 a factor of 88019676?
False
Is 472 a factor of 94669040?
True
Is 8 a factor of 117561600?
True
Is 4146212123 a multiple of 661?
False
Is 70027776 a multiple of 64?
True
Is 512969070 a multiple of 14?
False
Does 467 divide 1174017452?
True
Does 45 divide 638223263?
False
Is 3313 a multiple of 21?
False
Is 32601104 a multiple of 17?
True
Is 16 a factor of 19725134?
False
Is 622 a factor of 74195892?
True
Is 533 a factor of 137939334?
True
Is 28 a factor of 44574928?
False
Does 1647 divide 29761290?
True
Is 121 a factor of 576120?
False
Does 106 divide 21303138?
True
Is 11 a factor of 17016934?
True
Does 3 divide 12434175?
True
Is 1214 a factor of 344410586?
True
Is 2015505 a multiple of 1173?
False
Does 16 divide 494183968?
True
Is 761 a factor of 1682335386?
False
Does 377 divide 44780437?
True
Does 49 divide 64603903?
True
Is 71 a factor of 192752644?
False
Is 798643185 a multiple of 7?
False
Is 29191305 a multiple of 195?
True
Is 5976285705 a multiple of 3055?
True
Does 11 divide 55579535?
True
Does 17 divide 115675726?
False
Is 140 a factor of 124753954?
False
Is 5 a factor of 360332340?
True
Does 770 divide 1305249330?
True
Is 10 a factor of 26326710?
True
Is 29 a factor of 59832220?
True
Is 446539540 a multiple of 730?
True
Is 36 a factor of 96801004?
False
Does 279 divide 639505665?
True
Is 3340020096 a multiple of 216?
True
Is 9 a factor of 8439633?
True
Is 352 a factor of 1658067?
False
Is 42 a factor of 3301463886?
True
Is 135353121 a multiple of 715?
False
Does 1481 divide 81261790?
False
Does 47 divide 193442462?
False
Is 65700824 a multiple of 79?
True
Is 4589521972 a multiple of 59?
True
Is 37 a factor of 138713?
True
Does 75 divide 383306015?
False
Does 4 divide 6368904?
True
Is 6 a factor of 130686547?
False
Does 17 divide 11393162?
True
Is 119340 a multiple of 27?
True
Does 1256 divide 3817231432?
True
Is 1016765696 a multiple of 4602?
False
Is 235 a factor of 17959918?
False
Is 598343926 a multiple of 5189?
False
Is 1592 a factor of 2427396393?
False
Does 671 divide 439629135?
True
Is 2859003530 a multiple of 929?
False
Is 276 a factor of 9104964?
True
Is 6345 a factor of 56469816?
False
Is 156980788 a multiple of 7?
False
Is 13 a factor of 229586669?
True
Is 129 a factor of 539479800?
False
Is 517126480 a multiple of 3380?
True
Is 44 a factor of 575660266?
False
Does 230 divide 69093380?
True
Is 58 a factor of 18688992?
True
Is 1089845444 a multiple of 8?
False
Is 507004032 a multiple of 43?
False
Does 489 divide 9769731?
True
Is 480 a factor of 127642970?
False
Is 7 a factor of 465617187?
True
Is 3702510 a multiple of 630?
True
Is 796361464 a multiple of 3604?
True
Is 14478316 a multiple of 3?
False
Is 2119056082 a multiple of 946?
True
Does 14 divide 388425378?
False
Is 13 a factor of 2766874?
False
Is 182063972 a multiple of 5?
False
Is 214514117 a multiple of 188?
False
Is 114604168 a multiple of 56?
True
Does 297 divide 224828461?
False
Does 1051 divide 250602275?
False
Does 7 divide 18778422?
False
Is 43 a factor of 101502962?
True
Does 38 divide 29475093?
False
Does 1740 divide 919304640?
True
Is 6129788 a multiple of 12?
False
Is 3664301088 a multiple of 4632?
True
Is 311687908 a multiple of 27?
False
Is 13646685 a multiple of 3?
True
Does 89 divide 243141770?
True
Does 28 divide 49830060?
True
Does 55 divide 3623121?
False
Is 20844662 a multiple of 254?
False
Is 67 a factor of 10162694?
True
Is 9 a factor of 948982354?
False
Does 1404 divide 1066319748?
True
Is 8 a factor of 178625107?
False
Does 2310 divide 145615246?
False
Does 54 divide 348089565?
False
Is 24000054 a multiple of 26?
True
Is 66 a factor of 22151153?
False
Does 1145 divide 11805994?
False
Is 2376423700 a multiple of 100?
True
Is 586 a factor of 29658926?
False
Is 937216765 a multiple of 259?
False
Is 27960751 a multiple of 337?
False
I